{"id":23,"date":"2025-12-01T10:54:09","date_gmt":"2025-12-01T10:54:09","guid":{"rendered":"http:\/\/ppa3.batera.fr\/?page_id=23"},"modified":"2025-12-04T15:21:05","modified_gmt":"2025-12-04T15:21:05","slug":"entretien-des-espaces-verts","status":"publish","type":"page","link":"https:\/\/ppa3.batera.fr\/index.php\/entretien-des-espaces-verts\/","title":{"rendered":"Entretien des espaces verts"},"content":{"rendered":"\n<p>Entretien de vos espaces verts \u00e0 Nantes <\/p>\n\n\n\n<h2 class=\"wp-block-heading\">Entretien de vos jardins<\/h2>\n\n\n\n<p>Votre jardin est vivant. Au fil des saisons, il change et n\u00e9cessite donc d&rsquo;\u00eatre entretenu. L&rsquo;envie d&rsquo;un Jardin s&rsquo;occupe de diverses missions afin que votre jardin respire le bien-\u00eatre. Parmi nos missions, nous comptons :&nbsp;<\/p>\n\n\n\n<ul class=\"wp-block-list\">\n<li>La taille des arbres<\/li>\n\n\n\n<li>Le d\u00e9broussaillage<\/li>\n\n\n\n<li>La tonte de pelouse<\/li>\n\n\n\n<li>Le b\u00eachage<\/li>\n\n\n\n<li>La taille de haies<\/li>\n\n\n\n<li>D\u00e9sherbage des massifs<\/li>\n<\/ul>\n\n\n\n<h2 class=\"wp-block-heading\">La tonte<\/h2>\n\n\n\n<p>L&rsquo;envie d&rsquo;un Jardin utilise depuis de nombreuses ann\u00e9es des tracteurs et tondeuses pour le recyclage de l\u2019herbe, afin de limiter les \u00e9missions de gaz \u00e0 effet de serre lors du traitement des d\u00e9chets.<br>De plus, lors de chaque passage, cela favorise l\u2019auto-fertilisation et le maintien de l\u2019humidit\u00e9, et donc une pelouse plus vigoureuse et plus r\u00e9sistante \u00e0 la s\u00e9cheresse.<\/p>\n\n\n\n<p><\/p>\n\n\n\n<h2 class=\"wp-block-heading\">La taille<\/h2>\n\n\n\n<p>L&rsquo;envie d&rsquo;un Jardin utilise depuis de nombreuses ann\u00e9es des tailles haies sur batterie, afin de limiter les \u00e9missions de gaz \u00e0 effet de serre.&nbsp;<br>Et lors de chaque passage, vous appr\u00e9cieriez \u00e9galement le tr\u00e8s faible niveau sonore de notre mat\u00e9riel \u00e9lectrique.&nbsp;<br>\u00c0 noter qu\u2019une \u00e0 deux fois par an, notre intervention est n\u00e9cessaire.<br>Une taille douce des jeunes arbustes provoque leurs ramifications, ce qui nous permet d\u2019obtenir plusieurs branches \u00e0 la repousse et de densifier le feuillage plus rapidement.<\/p>\n\n\n\n<p><\/p>\n\n\n\n<h2 class=\"wp-block-heading\">Traitement Phytosanitaire&nbsp;<\/h2>\n\n\n\n<p>Nous avons opt\u00e9 pour un d\u00e9sherbant total Bio-Control de par sa substance naturelle d\u2019origine v\u00e9g\u00e9tale pouvant \u00eatre donc utilisable en espaces verts publics.<\/p>\n\n\n\n<p>Employ\u00e9 par pulv\u00e9risation, il r\u00e9agit uniquement par contact provoquant ainsi un dess\u00e8chement des parties a\u00e9riennes.<\/p>\n\n\n\n<p><\/p>\n","protected":false},"excerpt":{"rendered":"<p> L&rsquo;envie d&rsquo;un Jardin s&rsquo;occupe de l&rsquo;entretien de vos espaces verts. En d&rsquo;autres termes, nous nous occupons de la tonde de la pelouse, du taillage des haies et arbustes, ou encore du d\u00e9sherbage de votre jardin.<\/p>\n","protected":false},"author":1,"featured_media":451,"parent":0,"menu_order":0,"comment_status":"closed","ping_status":"closed","template":"","meta":{"footnotes":""},"class_list":["post-23","page","type-page","status-publish","has-post-thumbnail","hentry"],"yoast_head":"<!-- This site is optimized with the Yoast SEO plugin v26.5 - https:\/\/yoast.com\/wordpress\/plugins\/seo\/ -->\n<title>Entretien Espaces Verts \u2013 Nantes<\/title>\n<meta name=\"description\" content=\"Entretien de jardins, pelouses, haies et massifs \u00e0 Nantes. L\u2019Envie d\u2019un Jardin assure des espaces propres et soign\u00e9s en Loire-Atlantique.\" \/>\n<meta name=\"robots\" content=\"index, follow, max-snippet:-1, max-image-preview:large, max-video-preview:-1\" \/>\n<link rel=\"canonical\" href=\"https:\/\/ppa3.batera.fr\/index.php\/entretien-des-espaces-verts\/\" \/>\n<meta property=\"og:locale\" content=\"fr_FR\" \/>\n<meta property=\"og:type\" content=\"article\" \/>\n<meta property=\"og:title\" content=\"Entretien Espaces Verts \u2013 Nantes\" \/>\n<meta property=\"og:description\" content=\"Entretien de jardins, pelouses, haies et massifs \u00e0 Nantes. L\u2019Envie d\u2019un Jardin assure des espaces propres et soign\u00e9s en Loire-Atlantique.\" \/>\n<meta property=\"og:url\" content=\"https:\/\/ppa3.batera.fr\/index.php\/entretien-des-espaces-verts\/\" \/>\n<meta property=\"og:site_name\" content=\"WordPress\" \/>\n<meta property=\"article:modified_time\" content=\"2025-12-04T15:21:05+00:00\" \/>\n<meta property=\"og:image\" content=\"https:\/\/ppa3.batera.fr\/wp-content\/uploads\/2025\/12\/un-jardinier-paysagiste-travaillant-dans-un-jardin-verdoyant-en-france.jpg\" \/>\n\t<meta property=\"og:image:width\" content=\"1100\" \/>\n\t<meta property=\"og:image:height\" content=\"733\" \/>\n\t<meta property=\"og:image:type\" content=\"image\/jpeg\" \/>\n<meta name=\"twitter:card\" content=\"summary_large_image\" \/>\n<meta name=\"twitter:label1\" content=\"Dur\u00e9e de lecture estim\u00e9e\" \/>\n\t<meta name=\"twitter:data1\" content=\"2 minutes\" \/>\n<script type=\"application\/ld+json\" class=\"yoast-schema-graph\">{\"@context\":\"https:\/\/schema.org\",\"@graph\":[{\"@type\":\"WebPage\",\"@id\":\"https:\/\/ppa3.batera.fr\/index.php\/entretien-des-espaces-verts\/\",\"url\":\"https:\/\/ppa3.batera.fr\/index.php\/entretien-des-espaces-verts\/\",\"name\":\"Entretien Espaces Verts \u2013 Nantes\",\"isPartOf\":{\"@id\":\"https:\/\/ppa3.batera.fr\/#website\"},\"primaryImageOfPage\":{\"@id\":\"https:\/\/ppa3.batera.fr\/index.php\/entretien-des-espaces-verts\/#primaryimage\"},\"image\":{\"@id\":\"https:\/\/ppa3.batera.fr\/index.php\/entretien-des-espaces-verts\/#primaryimage\"},\"thumbnailUrl\":\"https:\/\/ppa3.batera.fr\/wp-content\/uploads\/2025\/12\/un-jardinier-paysagiste-travaillant-dans-un-jardin-verdoyant-en-france.jpg\",\"datePublished\":\"2025-12-01T10:54:09+00:00\",\"dateModified\":\"2025-12-04T15:21:05+00:00\",\"description\":\"Entretien de jardins, pelouses, haies et massifs \u00e0 Nantes. L\u2019Envie d\u2019un Jardin assure des espaces propres et soign\u00e9s en Loire-Atlantique.\",\"breadcrumb\":{\"@id\":\"https:\/\/ppa3.batera.fr\/index.php\/entretien-des-espaces-verts\/#breadcrumb\"},\"inLanguage\":\"fr-FR\",\"potentialAction\":[{\"@type\":\"ReadAction\",\"target\":[\"https:\/\/ppa3.batera.fr\/index.php\/entretien-des-espaces-verts\/\"]}]},{\"@type\":\"ImageObject\",\"inLanguage\":\"fr-FR\",\"@id\":\"https:\/\/ppa3.batera.fr\/index.php\/entretien-des-espaces-verts\/#primaryimage\",\"url\":\"https:\/\/ppa3.batera.fr\/wp-content\/uploads\/2025\/12\/un-jardinier-paysagiste-travaillant-dans-un-jardin-verdoyant-en-france.jpg\",\"contentUrl\":\"https:\/\/ppa3.batera.fr\/wp-content\/uploads\/2025\/12\/un-jardinier-paysagiste-travaillant-dans-un-jardin-verdoyant-en-france.jpg\",\"width\":1100,\"height\":733},{\"@type\":\"BreadcrumbList\",\"@id\":\"https:\/\/ppa3.batera.fr\/index.php\/entretien-des-espaces-verts\/#breadcrumb\",\"itemListElement\":[{\"@type\":\"ListItem\",\"position\":1,\"name\":\"Accueil\",\"item\":\"https:\/\/ppa3.batera.fr\/\"},{\"@type\":\"ListItem\",\"position\":2,\"name\":\"Entretien des espaces verts\"}]},{\"@type\":\"WebSite\",\"@id\":\"https:\/\/ppa3.batera.fr\/#website\",\"url\":\"https:\/\/ppa3.batera.fr\/\",\"name\":\"WordPress\",\"description\":\"L\u2019art du paysage au service de votre quotidien\",\"publisher\":{\"@id\":\"https:\/\/ppa3.batera.fr\/#organization\"},\"potentialAction\":[{\"@type\":\"SearchAction\",\"target\":{\"@type\":\"EntryPoint\",\"urlTemplate\":\"https:\/\/ppa3.batera.fr\/?s={search_term_string}\"},\"query-input\":{\"@type\":\"PropertyValueSpecification\",\"valueRequired\":true,\"valueName\":\"search_term_string\"}}],\"inLanguage\":\"fr-FR\"},{\"@type\":\"Organization\",\"@id\":\"https:\/\/ppa3.batera.fr\/#organization\",\"name\":\"WordPress\",\"url\":\"https:\/\/ppa3.batera.fr\/\",\"logo\":{\"@type\":\"ImageObject\",\"inLanguage\":\"fr-FR\",\"@id\":\"https:\/\/ppa3.batera.fr\/#\/schema\/logo\/image\/\",\"url\":\"https:\/\/ppa3.batera.fr\/wp-content\/uploads\/2025\/12\/Capture-decran-2025-12-01-a-12.11.31.png\",\"contentUrl\":\"https:\/\/ppa3.batera.fr\/wp-content\/uploads\/2025\/12\/Capture-decran-2025-12-01-a-12.11.31.png\",\"width\":268,\"height\":268,\"caption\":\"WordPress\"},\"image\":{\"@id\":\"https:\/\/ppa3.batera.fr\/#\/schema\/logo\/image\/\"}}]}<\/script>\n<!-- \/ Yoast SEO plugin. -->","yoast_head_json":{"title":"Entretien Espaces Verts \u2013 Nantes","description":"Entretien de jardins, pelouses, haies et massifs \u00e0 Nantes. L\u2019Envie d\u2019un Jardin assure des espaces propres et soign\u00e9s en Loire-Atlantique.","robots":{"index":"index","follow":"follow","max-snippet":"max-snippet:-1","max-image-preview":"max-image-preview:large","max-video-preview":"max-video-preview:-1"},"canonical":"https:\/\/ppa3.batera.fr\/index.php\/entretien-des-espaces-verts\/","og_locale":"fr_FR","og_type":"article","og_title":"Entretien Espaces Verts \u2013 Nantes","og_description":"Entretien de jardins, pelouses, haies et massifs \u00e0 Nantes. L\u2019Envie d\u2019un Jardin assure des espaces propres et soign\u00e9s en Loire-Atlantique.","og_url":"https:\/\/ppa3.batera.fr\/index.php\/entretien-des-espaces-verts\/","og_site_name":"WordPress","article_modified_time":"2025-12-04T15:21:05+00:00","og_image":[{"width":1100,"height":733,"url":"https:\/\/ppa3.batera.fr\/wp-content\/uploads\/2025\/12\/un-jardinier-paysagiste-travaillant-dans-un-jardin-verdoyant-en-france.jpg","type":"image\/jpeg"}],"twitter_card":"summary_large_image","twitter_misc":{"Dur\u00e9e de lecture estim\u00e9e":"2 minutes"},"schema":{"@context":"https:\/\/schema.org","@graph":[{"@type":"WebPage","@id":"https:\/\/ppa3.batera.fr\/index.php\/entretien-des-espaces-verts\/","url":"https:\/\/ppa3.batera.fr\/index.php\/entretien-des-espaces-verts\/","name":"Entretien Espaces Verts \u2013 Nantes","isPartOf":{"@id":"https:\/\/ppa3.batera.fr\/#website"},"primaryImageOfPage":{"@id":"https:\/\/ppa3.batera.fr\/index.php\/entretien-des-espaces-verts\/#primaryimage"},"image":{"@id":"https:\/\/ppa3.batera.fr\/index.php\/entretien-des-espaces-verts\/#primaryimage"},"thumbnailUrl":"https:\/\/ppa3.batera.fr\/wp-content\/uploads\/2025\/12\/un-jardinier-paysagiste-travaillant-dans-un-jardin-verdoyant-en-france.jpg","datePublished":"2025-12-01T10:54:09+00:00","dateModified":"2025-12-04T15:21:05+00:00","description":"Entretien de jardins, pelouses, haies et massifs \u00e0 Nantes. L\u2019Envie d\u2019un Jardin assure des espaces propres et soign\u00e9s en Loire-Atlantique.","breadcrumb":{"@id":"https:\/\/ppa3.batera.fr\/index.php\/entretien-des-espaces-verts\/#breadcrumb"},"inLanguage":"fr-FR","potentialAction":[{"@type":"ReadAction","target":["https:\/\/ppa3.batera.fr\/index.php\/entretien-des-espaces-verts\/"]}]},{"@type":"ImageObject","inLanguage":"fr-FR","@id":"https:\/\/ppa3.batera.fr\/index.php\/entretien-des-espaces-verts\/#primaryimage","url":"https:\/\/ppa3.batera.fr\/wp-content\/uploads\/2025\/12\/un-jardinier-paysagiste-travaillant-dans-un-jardin-verdoyant-en-france.jpg","contentUrl":"https:\/\/ppa3.batera.fr\/wp-content\/uploads\/2025\/12\/un-jardinier-paysagiste-travaillant-dans-un-jardin-verdoyant-en-france.jpg","width":1100,"height":733},{"@type":"BreadcrumbList","@id":"https:\/\/ppa3.batera.fr\/index.php\/entretien-des-espaces-verts\/#breadcrumb","itemListElement":[{"@type":"ListItem","position":1,"name":"Accueil","item":"https:\/\/ppa3.batera.fr\/"},{"@type":"ListItem","position":2,"name":"Entretien des espaces verts"}]},{"@type":"WebSite","@id":"https:\/\/ppa3.batera.fr\/#website","url":"https:\/\/ppa3.batera.fr\/","name":"WordPress","description":"L\u2019art du paysage au service de votre quotidien","publisher":{"@id":"https:\/\/ppa3.batera.fr\/#organization"},"potentialAction":[{"@type":"SearchAction","target":{"@type":"EntryPoint","urlTemplate":"https:\/\/ppa3.batera.fr\/?s={search_term_string}"},"query-input":{"@type":"PropertyValueSpecification","valueRequired":true,"valueName":"search_term_string"}}],"inLanguage":"fr-FR"},{"@type":"Organization","@id":"https:\/\/ppa3.batera.fr\/#organization","name":"WordPress","url":"https:\/\/ppa3.batera.fr\/","logo":{"@type":"ImageObject","inLanguage":"fr-FR","@id":"https:\/\/ppa3.batera.fr\/#\/schema\/logo\/image\/","url":"https:\/\/ppa3.batera.fr\/wp-content\/uploads\/2025\/12\/Capture-decran-2025-12-01-a-12.11.31.png","contentUrl":"https:\/\/ppa3.batera.fr\/wp-content\/uploads\/2025\/12\/Capture-decran-2025-12-01-a-12.11.31.png","width":268,"height":268,"caption":"WordPress"},"image":{"@id":"https:\/\/ppa3.batera.fr\/#\/schema\/logo\/image\/"}}]}},"_links":{"self":[{"href":"https:\/\/ppa3.batera.fr\/index.php\/wp-json\/wp\/v2\/pages\/23","targetHints":{"allow":["GET"]}}],"collection":[{"href":"https:\/\/ppa3.batera.fr\/index.php\/wp-json\/wp\/v2\/pages"}],"about":[{"href":"https:\/\/ppa3.batera.fr\/index.php\/wp-json\/wp\/v2\/types\/page"}],"author":[{"embeddable":true,"href":"https:\/\/ppa3.batera.fr\/index.php\/wp-json\/wp\/v2\/users\/1"}],"replies":[{"embeddable":true,"href":"https:\/\/ppa3.batera.fr\/index.php\/wp-json\/wp\/v2\/comments?post=23"}],"version-history":[{"count":2,"href":"https:\/\/ppa3.batera.fr\/index.php\/wp-json\/wp\/v2\/pages\/23\/revisions"}],"predecessor-version":[{"id":542,"href":"https:\/\/ppa3.batera.fr\/index.php\/wp-json\/wp\/v2\/pages\/23\/revisions\/542"}],"wp:featuredmedia":[{"embeddable":true,"href":"https:\/\/ppa3.batera.fr\/index.php\/wp-json\/wp\/v2\/media\/451"}],"wp:attachment":[{"href":"https:\/\/ppa3.batera.fr\/index.php\/wp-json\/wp\/v2\/media?parent=23"}],"curies":[{"name":"wp","href":"https:\/\/api.w.org\/{rel}","templated":true}]}}